+ 17, 0*t - k - 2 = t. Let g be 0 + -1*3 + t. Let j(b) be the first derivative of -3*b**2/2 + b - 271. Calculate j(g).
7
Let l be ((-4)/(-8))/(4/16). Let x(g) = -l*g - 3 + 0 + 0 - 3. Suppose -h - h - 10 = 0. Calculate x(h).
4
Suppose -2*w + 2 = -2*t, 0 = 4*w - 65*t + 62*t - 5. Let a(c) = 3*c - 16. Determine a(w).
-10
Let j(u) be the first derivative of u**3/3 - 2*u**2 + u + 2. Suppose z = -3*f - 14, 0 = -5*z + 6*f - f - 90. Let o be (9 - 0) + (z - -13). Give j(o).
6
Let d(n) be the first derivative of -5/2*n**2 - 17 - n. Let o = 0 - 3. What is d(o)?
14
Let t(y) = y**2 - 7*y + 9. Suppose -4*p + 3*v = -155, 2*p - 5*p - v + 100 = 0. Suppose -29*g - 36 = -p*g. Give t(g).
3
Let t(j) be the first derivative of -j**4/4 - j**3/3 + 2*j**2 + 3*j - 39688. Suppose -18 = -a - 4*g, -5*a - 4*g + 3 = -7. Give t(a).
-1
Let a(n) = n**3 - 7*n**2 - n - 6. Suppose -23 + 50 = -w. Let k = w + 40. Suppose -8*p = -k*p + 35. Give a(p).
-13
Let w(t) = 10*t - 3*t - t**2 + 18*t**2 + 18 - 5 - 18*t**2. Let b(q) = -q + 9 + 6*q - 4*q**2 + 3*q**2. Let u(k) = 7*b(k) - 5*w(k). Determine u(2).
-10
Let n(o) = o**3 + 2*o**2 - 4*o + 3. Suppose -4*s = -h - 12, s = -4*s + 10. Let v(m) = -m**3 - m**2 + 4*m - 3. Let j(c) = h*v(c) - 3*n(c). Calculate j(3).
0
Let a(g) = -30*g**3 + g + 2. Let h be 13 + 36/(-12) - (-2 + 13). What is a(h)?
31
Let v(r) be the second derivative of 11*r**5/20 + r**4/6 + 7*r**3/6 + 3*r**2 + 2961*r. Give v(-1).
-10
Let l(m) be the first derivative of -m**4/4 - m**3/3 - 13*m + 1. Let n be (-25652)/176 + 1/(-4). Let j = n + 146. Calculate l(j).
-13
Let x(n) = n**2 - 8*n + 12. Let h(p) = -2*p + 2. Let s be h(-8). Suppose -s = 34*r - 31*r. Let g(l) = -l + 2. Let y be g(r). Give x(y).
12
Suppose 21*c + 38 = 164. Suppose -3*t + 12 = -3*r, c*r = -t + 3*r. Let s(w) = -3*w**2 + 7*w + 1. Determine s(t).
-5
Let f(g) = g**2 + 14*g - 12. Suppose 106 = 32*r + 550 - 28. What is f(r)?
-25
Suppose 5*a - 6 = -3*c, -15*a + 10*a = 0. Let i(d) = -151*d - 1 + 0*d**c - d**2 + 148*d. Give i(-4).
-5
Let v(y) = 9*y**3 - y**2 + y - 1. Let s = -269 + 273. Suppose s*u = 4*a, -10*a + 7*a + 2*u = -1. Calculate v(a).
8
Let z(b) = -b**2 - 2*b + 2. Let m(j) = 3*j**3 + 4*j**2 + 4*j. Let s be m(-2). Let t be ((-9)/(-6))/(6/s). Calculate z(t).
-6
Let s(d) be the first derivative of -d**4/4 + 8*d**3/3 - 4*d**2 + 10*d + 1. Let z(w) = 11*w - 58. Let f be z(6). Suppose -24 - 32 = -f*m. What is s(m)?
3
Let w(y) = 0*y**3 - 2711 - 6*y**2 + 2719 - 2*y - y**3. What is w(-5)?
-7
Let a(v) = -v**3 + 2*v**2 + 4. Let n = -689 - -696. Let u(j) = j + 1. Let q be u(4). Suppose n*p - 16 = q. Calculate a(p).
-5
Suppose -m - 43 = -3*n - 38, -3 = 5*n + 4*m. Let l(s) = 3*s**3 - 1. Let v be l(2). Let d(h) = h + 0*h + v - 2*h**2 + 8*h**3 - 23. Give d(n).
7
Let w(s) be the first derivative of s**2/2 + s - 910. Let q(k) = k + 9. Let b be q(-10). Determine w(b).
0
Let z(i) = i**3 + 7*i**2 - 7*i + 2. Let y(w) be the first derivative of w**4/2 + 13*w**3/3 - 7*w**2 + 3*w - 28. Let k(n) = -3*y(n) + 5*z(n). Determine k(-5).
-9
Let b(z) = -2*z**2 - 23*z - 27. Let m be b(-10). Let p(i) = -13 - 6*i**3 - m*i**2 - i - 2*i**2 + 5*i**3 + 1. What is p(-5)?
-7
Let h = -494 + 366. Let q = 133 + h. Let t(n) = -n - 2. Calculate t(q).
-7
Let z(d) = -d**2 + 13*d - 23. Let q be (-94)/(-14) + -2*2*(-8)/112. Calculate z(q).
19
Let c(b) = -2*b**2 - 2*b - 3. Let v(y) = 4*y**2 - 8*y + 13. Let r(k) = -3*c(k) - v(k). Determine r(-8).
12
Let i(t) be the third derivative of -t**4/12 + 2*t**3/3 - 36*t**2. Let f(h) = -3*h - 2. Let c be f(1). Let b(x) = x**2 + 3*x - 6. Let y be b(c). Give i(y).
-4
Suppose 42*j - 1053 + 1557 = 0. Let v(q) = q**2 + 13*q + 30. Give v(j).
18
Let r(u) = -u - u - 4 - 2*u. Let q(c) = 2143*c - 122148. Let o be q(57). Give r(o).
-16
Let v(w) = -4*w**3 + w**2 - 1. Let j be v(1). Let d(q) be the second derivative of -q**4/12 + q**3/6 - q**2 - 11549*q. Give d(j).
-22
Let x = 72 - 78. Let l be (1 + 0)*(1 - 24/x). Suppose -a + l*a = -3*a. Let k(b) = b**3 + b**2 + 8. What is k(a)?
8
Let f(t) = -7*t + 64. Suppose -15*r + 15*r = 4*r - 16. Determine f(r).
36
Let h(s) = 2*s**3 + s**2 - 2*s. Let m = -267 - -110. Let d = m + 155. Calculate h(d).
-8
Let k(s) be the first derivative of s**4/4 + 3*s**2/2 - 30*s - 5556. What is k(3)?
6
Let v(m) = m**3 + 16*m**2 + 60*m + 3. Let x be v(-10). Let a(i) be the first derivative of -4/3*i**3 - x*i - 3/2*i**2 - 1/4*i**4 + 4. What is a(-3)?
-3
Suppose 9 = -2*l - 23. Let u = l + 208. Suppose u*m = 196*m + 8. Let k(r) = r**2 + r - 1. Calculate k(m).
1
Let y(x) be the second derivative of 0 - 2*x**2 + 5*x - 1/20*x**5 - 5/12*x**4 - x**3. Suppose -4*g = -2*k + 26, 3*g + 4*k - 4 = -g. What is y(g)?
4
Let d(x) = -x**2 + 3*x. Let h be d(4). Let g(k) be the first derivative of -5*k**2/2 - 13*k - 71248. Give g(h).
7
Suppose -2*g + i = -g - 3, 3*i + 8 = 2*g. Let m be 0*(g + -5)/4. Suppose m = -4*o + 5*a + 15, 2*o = -2*a - 3 - 3. Let d(y) = -y**2 - 6. Calculate d(o).
-6
Let u(m) be the first derivative of m**4/4 + 11*m**3/3 - 13*m**2/2 - 9*m + 10763. Let i(t) = t**2 + 9*t + 6. Let p be i(-6). Give u(p).
3
Let k(y) = -2*y**2 - 126*y - 569. Let n be k(-5). Let g(q) = -3*q**3 + 34*q**2 - 10*q - 6. Give g(n).
5
Let z(p) = 10*p**2 - 2. Suppose 0*b + 13*b = -20*b. Suppose -g = -3*m + 2, -4 = 4*m - b*m - 3*g. Give z(m).
38
Let v(b) = 2*b + 24. Let q be (620/(-300))/(10/30) - (-12)/10. Calculate v(q).
14
Let f be ((-8)/6 - 136/51) + 5. Suppose 30*q = 29*q + 381. Let b(y) = -q + 380 - y + 10*y. What is b(f)?
8
Let j(s) be the first derivative of s**4/4 + 3*s**3 - 19*s**2/2 + 23*s - 1395. What is j(-11)?
-10
Let v(c) be the second derivative of 14*c**2 + 0 - 165*c + 2/3*c**3. What is v(-7)?
0
Let p(w) = -33 + 4194*w - 2093*w - 2099*w. Determine p(11).
-11
Let i = 23520 + -23524. Let z(a) = 25*a + 43. Calculate z(i).
-57
Let l = 8561 - 8565. Let o(k) = 7*k + 20. Calculate o(l).
-8
Let y(o) be the first derivative of 2*o**3/3 - 17*o**2/2 + 37*o - 442. Calculate y(6).
7
Let q(d) = d**3 + d**2 - 14*d + 52. Let m be q(6). Let a(t) = -3*t + 5*t + m*t**2 - 2*t - 256*t**2 + 1. Determine a(-1).
-35
Let o be (4/(-6) - 0)*(-17)/(-51) + (-168)/(-27). Let t(w) = -4*w - w**2 + w + 9 - 1. What is t(o)?
-46
Let a(n) = n**3 + 2*n**2 - 6*n - 3. Let u(d) = 3*d - 3. Let g(h) = h**2 + 18*h + 22. Let m be g(-17). Let k be u(m). Suppose 7*s = 4*s - k. Determine a(s).
-11
Let z(l) = -l - 3. Suppose 615 = 206*d - 827. Determine z(d).
-10
Let d(x) be the first derivative of 4*x**4 - 2*x**3/3 - x**2/2 - 2. Suppose 768*z = -139*z - 907. What is d(z)?
-17
Suppose -137 - 187 = -36*u. Let s(t) = 4 - u*t - 14 + 24*t + t**2 - 22*t. Calculate s(8).
-2
Let f(p) be the first derivative of 7*p**3/2 + p**2/2 - 4*p - 3. Let a(v) be the first derivative of f(v). Suppose 38*y - 73*y + 35 = 0. Determine a(y).
22
Let i(a) = -6*a**2 - 2*a - 3. Suppose -2*n - p + 62 = -4*p, -2*n + 2*p = -62. Suppose n*f + 6 = 28*f. Determine i(f).
-23
Let b(q) = 20127*q - 40237*q - 44 + 20097*q. Determine b(-5).
21
Let g(t) = 13*t**3 - 34*t**2 - 8*t + 29. Let a(q) = 7*q**3 - 17*q**2 - 3*q + 16. Let x(s) = 11*a(s) - 6*g(s). Calculate x(18).
-52
Let q(u) = -u + 4. Let n be q(4). Let s(g) be the second derivative of g**4/12 - 9*g**2/2 + 14508*g. Determine s(n).
-9
Suppose 8*m = -1 + 9. Suppose q + m = l, 2*q - 7*q = -4*l + 3. Let o(t) = -2*t**2 - 1731 - 5*t**l - t**3 + 1735 - 2*t. What is o(-7)?
18
Let y = -217 - -244. Let f(j) = 2 - 3*j**2 - 7*j**2 + y*j - j**3 - 35*j. What is f(-9)?
-7
Let u(r) be the first derivative of -5*r**4/4 - 2*r**3/3 + 3*r**2/2 + 3*r + 2968. What is u(-2)?
29
Let l(p) = -7*p**2 + 3*p - 11 + 20 + 1 - p**3 - 2. Suppose 10 = -3*w - 3*n - 5, -2*n = -2*w - 18. Give l(w).
-13
Let v = -17 + 20. Suppose 0 = 4*d - v*t - 304, -2*d - t + 69 = -d. Let p(k) = -68*k + k**2 + 5 + 2 + d*k. Calculate p(-5).
7
Let w = 9312 + -9301. Let t(m) = -5 + 3*m - 1 - 9 - 12. What is t(w)?
6
Suppose -7*d - 23 - 5 = 0. Let o(u) be the first derivative of -1/2*u**2 - 6 + 0*u. What is o(d)?
4
Let t(h) be the first derivative of -h**4/4 - 3*h**3 + 4*h**2 - 23*h - 1153. Calculate t(-10).
-3
Let n be 1/9 - (-396)/81. Suppose 3*b = 3*x + 9, -b + 14 + 5 = 3*x. Let m(t) = -10*t + b*t - n*t + 1. Give m(-1).
9
Let h(g) = -108*g + 104. Let r(x) = 163*x - 156. Let o(k) = 8*h(k) + 5*r(k). Calculate o(1)